 60. Let g = 63 - 42. Let t = 37 - g. What is the remainder when x is divided by t?
14
Let n = 32 + -1. Let a be ((-6)/3)/((-2)/4). Suppose 2*s + 32 = a*s. Calculate the remainder when n is divided by s.
15
Suppose -5*u - 54 + 194 = 0. Suppose 6*d - u = 2*d. What is the remainder when 13 is divided by d?
6
Suppose -30 = -x - 11. What is the remainder when 37 is divided by x?
18
Let j(b) = -b**2 - 10*b - 8. What is the remainder when 43 is divided by j(-6)?
11
Suppose 0 = 3*l + l - 460. Calculate the remainder when l is divided by 29.
28
Suppose 2*z + 15 = 3*z. Let w = -4 - -32. What is the remainder when w is divided by z?
13
Suppose 102 = 2*w - 4*s, -57 = -w + s - 10. What is the remainder when 211 is divided by w?
39
Let h(o) = 3 - 2*o + 3 - 4*o + 3*o**2 - 2*o**2. Let j be h(5). Calculate the remainder when 54 is divided by -7*j*(-3 - -1).
12
Suppose i - 6 = -49. Let h = -61 - -124. Let f = i + h. What is the remainder when 39 is divided by f?
19
Let i be 0 + -14 + (0 - -2). What is the remainder when 14 is divided by i/(-18)*(-30)/(-4)?
4
Let x(a) = -a**3 - a. Let f be x(-1). Suppose f*r + 82 = 3*r. Calculate the remainder when 25 is divided by 2/(-3) - r/(-6).
12
Suppose 8*o = 83 + 45. Calculate the remainder when o is divided by 3.
1
Suppose -f = 0, 2*k = -2*f + 5 + 1. What is the remainder when 9 is divided by k?
0
Let w(k) = 2*k + 9. Let h be w(-6). Let z = 10 - h. Calculate the remainder when 50 is divided by z.
11
Suppose 9 = 3*l - 0*l. Let g = l - -1. Suppose -4*d - 66 = -3*n, -g*d + 3*d = 0. What is the remainder when n is divided by 8?
6
Suppose 0 = -2*u - 3*u + 70. What is the remainder when 41 is divided by u?
13
Let h(t) = -t**3 + 2*t + 83. What is the remainder when h(0) is divided by 29?
25
Suppose -8 = 4*j, 2*b + j = 8 + 20. What is the remainder when 6 is divided by (-2)/(-6) - (-25)/b?
0
Let u(w) = w**3 - 7*w**2 + w - 5. Let b be u(7). Let h(m) = m - 10. Let v be h(7). What is the remainder when 10 + 2*v/b is divided by 4?
3
Let f(u) = -8*u - 1. Calculate the remainder when 3/(-3)*-43*1 is divided by f(-2).
13
Let f = 76 + -41. Calculate the remainder when f is divided by 12.
11
Suppose x - 6 + 2 = 0. Suppose -p - 2*t + 18 = 0, 3*p - 60 = -p - x*t. Calculate the remainder when 35 is divided by p.
11
Suppose -3*u - 5*r = -2*u - 24, 3*u - 2*r - 38 = 0. Let c(o) = -28*o - 1. Calculate the remainder when c(-1) is divided by u.
13
Let z = 5 + 8. Let k(h) = 3*h**2 - 7*h - 2. Let n = -13 - -18. Calculate the remainder when k(n) is divided by z.
12
Let j(s) = -s**2 + 8*s - 7. Let q be j(6). Let k be (-10)/q + 1*12. Let l = 1 + k. Calculate the remainder when 20 is divided by l.
9
Suppose -3*s - 2*g - 6 = -115, -176 = -4*s + 5*g. Calculate the remainder when s is divided by (-1580)/(-160) + 2/16.
9
Suppose -p + 18 + 4 = 5*k, 2*p - 3*k - 18 = 0. Let v(y) = 13*y - 3. What is the remainder when v(2) is divided by p?
11
Let q = 50 + -23. What is the remainder when 159 is divided by q?
24
What is the remainder when 58 is divided by (-12)/20 - 309/(-15)?
18
Suppose 0 = 2*v - 2*f - 14, 3*v - 23 = -4*f + 8*f. Calculate the remainder when v is divided by 3.
2
Calculate the remainder when 76 is divided by (-1)/((-1)/26)*(34 + -33).
24
Let f = -16 + 26. Calculate the remainder when 18 is divided by f.
8
Suppose 2*w + 2*f - 192 = 0, 0 = w + 2*f - 3*f - 106. Calculate the remainder when w is divided by 26.
23
Let p be 17/(-2) - (-2)/4. Let h = 25 + p. Suppose 147 = 4*l + 5*d, 126 = 2*l + 2*l - 2*d. Calculate the remainder when l is divided by h.
16
Suppose -2*q + 49 + 231 = 0. Suppose -x = 4*i + 4*x - 112, 0 = i - 2*x - 15. Calculate the remainder when i is divided by 4/18 - q/(-18).
7
Let l be (42/(-3))/(2 - 1). Let h = l - -27. What is the remainder when 49 is divided by h?
10
Let z(l) be the third derivative of -l**6/120 + l**5/60 + l**4/24 + l**3/6 + 6*l**2. What is the remainder when 31 is divided by z(-2)?
9
Let p be 20/2 + -1 + 1. Let j(b) = -b**2 + 10*b + 5. Let s be j(p). Let i(y) = -y**3 + 5*y**2 + 3*y. What is the remainder when i(s) is divided by 6?
3
Let b = 2 + 0. Suppose v - 2*t = 12, -b*v + v - 13 = 3*t. What is the remainder when 5 is divided by v?
1
Suppose -n - 9 = -2*j, -21 = -3*j + 3*n + n. What is the remainder when (-56)/(-6) + 2/(-6) is divided by j?
0
What is the remainder when ((-222)/3)/(2 - 3) is divided by 19?
17
Suppose 0 + 10 = 5*t. Suppose -31 = -3*d - g, -t*g - 3 = -5. Calculate the remainder when 19/1 + 2 + -2 is divided by d.
9
Suppose 5*j - 252 - 98 = 0. Calculate the remainder when j is divided by 18.
16
Suppose -4*n + 176 = -15*c + 19*c, 5*n = 4*c - 158. What is the remainder when c is divided by 1/(2/(-44)*-2)?
9
Suppose -3*p + p - 5*z + 227 = 0, 0 = -2*p - 2*z + 236. Calculate the remainder when p is divided by 31.
28
Suppose j + 0 = -3. Let w = j - -10. Let a(o) = -o**3 + 7*o**2 + 4*o - 16. What is the remainder when a(7) is divided by w?
5
Suppose -2*x - c + 15 = -11, 5*c + 14 = 2*x. What is the remainder when 37 is divided by x?
1
Suppose 0 = 3*o - 10 + 1. Suppose 0*n + o*n + b - 77 = 0, -b = 4. What is the remainder when n is divided by 1*((-24)/(-64) - (-159)/24)?
6
Suppose 168 = c + 2*c. Suppose c = 4*x - p - p, -4*x + p = -60. Let t = x + 19. Calculate the remainder when t is divided by 12.
11
Let k = 11 + 1. Suppose -2*a = -k + 8. What is the remainder when a is divided by 1?
0
Suppose -3*u = -3*o + u + 47, 4*o = 3*u + 58. What is the remainder when 140 is divided by o?
10
Suppose 3*g + 5*u - 497 = 0, 194 = g - 4*u - 0*u. Calculate the remainder when g is divided by 7.
6
Let j(k) = k**3 - 10*k**2 + k + 13. What is the remainder when j(10) is divided by 7?
2
Suppose j + 0 - 2 = 0. Suppose -4*t + j*o + 110 = 0, 5*t - 5*o = -8*o + 121. Calculate the remainder when t is divided by 9.
8
Let r(l) = -10*l + 7*l + 6 - 5. Let g = 30 + -19. Calculate the remainder when g is divided by r(-1).
3
Suppose 4*w + 4*d - 9 = w, 5*w + d - 15 = 0. Suppose w*g + 5*j - 69 = 0, -5*j = 4*g - 85 - 7. What is the remainder when g is divided by 13?
10
Let n(z) = z - 1. Let k be n(3). Let v(p) = 3*p. Let a be v(k). Suppose -a*f + 3*f = -21. Calculate the remainder when 13 is divided by f.
6
Let s = -13 + 61. Suppose g = -4*o + 66, -o - 2*o = 3*g - 45. Calculate the remainder when s is divided by o.
14
Let t be (-662)/(-14) + (-6)/21. Suppose -w = -t - 3. Calculate the remainder when w is divided by (-4)/(-18) - 151/(-9).
16
Let g(n) = -2*n - 1. Let c(t) = -t. Let v(w) = 4*c(w) + g(w). Calculate the remainder when v(-3) is divided by 5.
2
Suppose 5*s + 246 = 4*z, -3*z + 4*s = 2*z - 312. What is the remainder when z is divided by 11?
9
Suppose 2*j + 1 = -3. Let p(c) = -5*c**3 + c**2 - 2. What is the remainder when p(j) is divided by 11?
9
Suppose 2*k = -5 + 33. Let h = -7 + k. What is the remainder when (-118)/(-10) + 3/15 is divided by h?
5
Suppose 5*q - 52 = 2*p, -3*q = 2*q + 4*p - 46. What is the remainder when q is divided by 6?
4
Let p = -36 - -43. What is the remainder when 13 is divided by p?
6
Suppose -4*c + c = w + 14, 5*c = -25. Calculate the remainder when 3 + -1 + w + 50 is divided by 18.
17
Let b = -27 + 38. Calculate the remainder when 30 is divided by b + (-4 - 4/(-4)).
6
Let t(k) = 26*k - 6. Calculate the remainder when 58 is divided by t(1).
18
Suppose n - 3*o + 1 - 37 = 0, -n + 5*o = -42. What is the remainder when n is divided by -3*(-16)/6 - -2?
7
Suppose 0 = 6*d - 294 - 102. What is the remainder when d is divided by 23?
20
Let k(s) = 6*s - s**2 + 6*s - 6 - 5*s. Let l be k(4). Calculate the remainder when 2/(-2 - (-16)/l) is divided by 2.
1
Suppose 0*j = 4*j - 248. What is the remainder when j is divided by 13?
10
Let s(t) = -7*t**2 + 1. Let j be s(-1). Let h(y) = -6*y - 4 + y + y + 2. What is the remainder when h(j) is divided by 12?
10
Let j = 178 - 111. What is the remainder when j is divided by 17?
16
Let m be 1*(0 + (1 - 1)). Suppose -3*w + 10 + 2 = m. What is the remainder when 15 is divided by w?
3
Suppose -6*r = -4*r + 3*c - 66, -r + 7 = -5*c. Calculate the remainder when r is divided by 14.
13
Suppose -4*v + 5 = -27. What is the remainder when 22 is divided by v?
6
Let q = 79 + -74. Calculate the remainder when 97 is divided by q.
2
Suppose 0 = 8*v - 91 - 173. Calculate the remainder when v is